 30*i - 2267. What is v(-42)?
1
Let a(z) = 1187*z + 8314. Calculate a(-7).
5
Let s(j) = j**2 + 18*j - 16298. Determine s(-137).
5
Let k(c) = -7*c**3 + 14*c**2 - 8*c - 43. What is k(-3)?
296
Let j(c) = c**3 + 23*c**2 - 17399*c - 69907. What is j(-4)?
-7
Let n(p) = -2843*p - 79608. What is n(-28)?
-4
Let o(y) = -y**2 + 44136*y + 1324979. What is o(-30)?
-1
Let z(u) = -416676*u - 2500049. Give z(-6).
7
Let v(m) = 10806*m + 2236544. Calculate v(-207).
-298
Let q(p) = p**3 - 57*p**2 + 964*p + 127. What is q(28)?
4383
Let n(l) = 16*l**3 + 412*l**2 - 113*l - 255. What is n(-26)?
-21
Let b(m) = m**2 + 29*m - 1014. Give b(-45).
-294
Let w(p) = p**3 - 67*p**2 - 687*p + 76. Calculate w(76).
-152
Let v(z) = -53*z**2 - 619*z - 39. Calculate v(-12).
-243
Let g(m) = m**3 - 35*m**2 - 235*m + 9361. Give g(34).
215
Let v(u) = u**3 - 45*u**2 + 126*u - 1153. Give v(43).
567
Let d(j) = 6*j**2 + 1643*j + 616. Give d(-273).
-749
Let w(j) = -j**3 - 519*j**2 + 3283*j + 69831. Calculate w(-525).
6
Let p(m) = -676*m**2 + 76880*m + 20982. Give p(114).
6
Let j(a) = -84080*a - 3615447. What is j(-43)?
-7
Let r(o) = -o**3 - 227*o**2 - 135*o - 29517. Calculate r(-227).
1128
Let k(t) = 2*t**2 - 152*t + 3054. Determine k(18).
966
Let p(u) = 735*u + 2162. What is p(-5)?
-1513
Let r(u) = 83*u**3 + 390*u**2 - u - 27. Determine r(-4).
905
Let k(f) = 500*f**2 - 142*f - 144. Determine k(-1).
498
Let h(o) = -4*o**3 + 472*o**2 + 123*o - 14450. Calculate h(118).
64
Let w(v) = 1132*v + 35. What is w(0)?
35
Let b(t) = 5068*t**2 + 15231*t + 77. Give b(-3).
-4
Let r(y) = -6*y**2 - 5621*y - 5. Determine r(0).
-5
Let b(j) = -11*j**2 - 993*j + 108. Give b(-90).
378
Let s(j) = 66441*j - 66575. What is s(1)?
-134
Let f(h) = -169*h + 2249. Determine f(13).
52
Let u(x) = -741*x**2 + 4359*x + 138. Give u(6).
-384
Let l(i) = -696562*i - 2786271. What is l(-4)?
-23
Let p(r) = 3877*r + 410855. Give p(-106).
-107
Let v(h) = 4395*h - 42095. Determine v(9).
-2540
Let o(f) = 484309*f + 1937236. Calculate o(-4).
0
Let v(c) = -3*c**2 + 1759*c - 37192. What is v(564)?
596
Let n(p) = -11793*p + 3997827. What is n(339)?
0
Let n(m) = 5*m**2 - 108*m - 597. Calculate n(26).
-25
Let k(r) = 3405*r - 361094. Calculate k(106).
-164
Let v(x) = x**3 - 30*x**2 + 59*x - 910. Give v(29).
-40
Let l(r) = 58*r**2 - 43*r - 11. Calculate l(3).
382
Let q(c) = -48*c**2 - 64*c - 6. Give q(-5).
-886
Let c(r) = -184*r**3 + 2046*r**2 - 256*r + 178. Give c(11).
24
Let l(b) = b**3 - 27*b**2 + 69*b - 273. Determine l(23).
-802
Let j(v) = -226*v**2 - 253*v - 808. What is j(-3)?
-2083
Let t(y) = -13*y**2 + 269*y + 15123. Give t(46).
-11
Let w(s) = -1120*s + 4155. Determine w(5).
-1445
Let u(x) = x**3 + 38*x**2 - 1541*x - 10408. Give u(-6).
-10
Let i(a) = -2*a**3 - 8*a**2 - 4634*a + 4642. Give i(1).
-2
Let k(v) = 2*v**2 + 645*v + 1038. Determine k(-321).
75
Let t(x) = x**2 + 92979*x + 650808. Give t(-7).
4
Let k(p) = -p**3 - 57*p**2 - 1278*p - 11676. Calculate k(-24).
-12
Let f(p) = 3*p**2 + 461*p - 1847. Calculate f(4).
45
Let l(f) = 22*f + 370. Determine l(-10).
150
Let i(o) = -o**3 + 213*o**2 + 2011*o - 2600. Give i(222).
286
Let t(r) = -838*r**2 - 5038*r + 12. Calculate t(-6).
72
Let g(s) = -6*s**2 - 96*s + 1649. Calculate g(13).
-613
Let w(j) = 37271*j + 1229934. Determine w(-33).
-9
Let m(n) = 267*n + 3347. What is m(-14)?
-391
Let t(x) = -2*x**3 + 427*x**2 + 4408*x - 984266. What is t(213)?
7
Let v(d) = 152578*d + 2441249. Give v(-16).
1
Let t(q) = 49192*q - 344487. Determine t(7).
-143
Let f(s) = 406*s - 137579. Calculate f(339).
55
Let a(v) = v**3 - 211*v**2 - 3126*v - 5377. Calculate a(225).
23
Let h(d) = 103*d**2 + 390*d - 82. Determine h(-6).
1286
Let j(h) = -210*h**2 + 1972*h + 1265. Give j(10).
-15
Let j(k) = 27104*k + 108336. Calculate j(-4).
-80
Let f(p) = -p**3 - 6*p**2 + 1799*p + 15944. Calculate f(-9).
-4
Let f(l) = -l**3 + 6*l**2 - 59999*l + 359940. Give f(6).
-54
Let r(k) = -201*k + 26777. What is r(128)?
1049
Let d(m) = 843*m - 10173. Give d(12).
-57
Let k(z) = 95*z - 2023. What is k(18)?
-313
Let c(q) = 2*q**2 - 1500*q - 21258. Give c(-14).
134
Let d(t) = -t**3 + 113*t**2 - 181*t - 1258. What is d(111)?
3293
Let h(x) = 3*x**2 + 2871*x - 45950. What is h(16)?
754
Let k(f) = -3*f**2 + 8304*f - 6. What is k(0)?
-6
Let f(x) = x**3 - 351*x**2 - 6255*x - 305. What is f(368)?
63
Let h(m) = -m**3 + 25*m**2 + 731*m + 93. Determine h(42).
807
Let m(z) = -10276*z + 122709. What is m(12)?
-603
Let g(l) = 68*l**2 + 417*l + 56. Calculate g(-6).
2
Let t(b) = 268*b + 39790. Calculate t(-149).
-142
Let r(q) = -2*q**2 - 52485*q + 6379963. Give r(121).
-4
Let k(r) = -423*r**2 - 5517*r - 238. Give k(-13).
-4
Let g(l) = -9*l**2 + 176*l + 3771. Give g(-13).
-38
Let f(u) = -21021*u + 21028. Give f(1).
7
Let m(l) = 7*l**3 + 1100*l**2 + 160*l + 757. Give m(-157).
286
Let r(j) = j**3 - 417*j**2 + 31022*j + 1738. Determine r(97).
-8
Let x(f) = -f**3 + 659*f**2 - 469*f - 555175. Determine x(657).
-10
Let h(n) = -70805*n + 283230. What is h(4)?
10
Let y(o) = o**3 - 92*o**2 + o + 492. Give y(92).
584
Let w(h) = h**3 + 50*h**2 + 55*h + 776. Give w(-49).
482
Let n(q) = 187443*q + 14058220. Determine n(-75).
-5
Let b(o) = -o**3 + 95*o**2 - 91*o - 189. Determine b(94).
93
Let s(g) = 36732*g - 9072799. Give s(247).
5
Let p(f) = -3*f**2 + 63*f + 1356. Calculate p(-13).
30
Let l(r) = -616*r + 6943. What is l(11)?
167
Let h(z) = -z**3 - 21*z**2 + 51*z - 272. What is h(-23)?
-387
Let j(y) = -29994*y - 90128. Give j(-3).
-146
Let p(m) = -2*m**3 - 368*m**2 + 71*m + 13086. Give p(-184).
22
Let r(q) = -1179*q**2 - 7017*q + 390. Calculate r(-6).
48
Let k(f) = 20*f**3 - f**2 - 7977*f + 31877. Calculate k(4).
1233
Let k(p) = 7875*p - 283840. Determine k(36).
-340
Let o(f) = -f**3 + 32*f**2 - 227*f - 362. What is o(15)?
58
Let c(u) = 3*u**3 - 151*u**2 + 723*u - 5768. Give c(46).
-18
Let s(h) = -6088*h - 2331680. Calculate s(-383).
24
Let t(g) = -12*g**2 + 916*g + 20392. Determine t(-18).
16
Let s(c) = 2*c**3 + 123*c**2 - 543*c + 69. What is s(4)?
-7
Let u(s) = 750165*s + 28506268. Give u(-38).
-2
Let y(i) = 282*i - 2812. Determine y(10).
8
Let z(x) = x**3 + 116*x**2 + 6*x + 1030. Give z(-116).
334
Let v(p) = -1186*p - 30900. What is v(-26)?
-64
Let k(f) = 710720*f + 34114566. Give k(-48).
6
Let i(l) = 26147*l + 104603. Give i(-4).
15
Let x(j) = 4*j**2 + 123*j + 450. What is x(-9)?
-333
Let r(j) = -507*j + 75535. What is r(149)?
-8
Let g(i) = 4*i**3 - 90*i**2 + 199*i + 7. Determine g(8).
-2113
Let g(f) = 2*f**2 + 7726*f - 38691. Give g(5).
-11
Let n(c) = 41200*c + 865390. Give n(-21).
190
Let v(i) = i**3 - 4*i**2 - 136*i - 35. What is v(8)?
-867
Let b(f) = -192*f**2 - 3082*f - 25. What is b(-16)?
135
Let z(n) = 53*n**3 + 1814*n**2 + 406*n - 18. Calculate z(-34).
50
Let q(g) = 7*g**2 - 825*g - 5995. Determine q(126).
1187
Let a(t) = 155*t**2 + 2036*t - 24. What is a(-13)?
-297
Let y(m) = m**2 - 3564*m + 2420346. What is y(913)?
-17
Let v(s) = s**3 + 6*s**2 + 787*s + 8999. Calculate v(-11).
-263
Let l(s) = 2*s**3 - 7*s**2 - 46*s - 41. Determine l(-1).
-4
Let v(x) = 95*x**2 + 2155*x + 12215. Determine v(-11).
5
Let w(s) = -975*s**2 - 15584*s + 265. What is w(-16)?
9
Let l(m) = 13*m**2 + 94*m - 22. Determine l(-7).
-43
Let i(a) = -2*a**2 + 146*a + 138. Calculate i(74).
-10
Let c(m) = 9028*m + 9031. What is c(-1)?
3
Let k(o) = 29*o**2 + 374*o - 1605. What is k(4)?
355
Let o(u) = 4977*u + 1970939. Calculate o(-396).
47
Let s(q) = -285651*q - 5141720. Give s(-18).
-2
Let o(q) = -3902*q - 39615. Calculate o(-10).
-595
Let x(o) = -1510*o - 30212. Determine x(-20).
-12
Let q(n) = -85*n**2 + 7*n + 2. What is q(-1)?
-90
Let j(c) = -388120*c - 6986155. What is j(-18)?
5
Let k(r) = -176*r + 11815. What is k(51)?
2839
Let c(f) = 3*f**2 - 1549*f - 40472. What is c(-25)?
128
Let x(z) = -309613*z - 8669157. Give x(-28).
7
Let l(m) = 2*m**3 - 241*m**2 - 1139*m + 1752. Give l(125).
2
Let a(h) = 41868*h - 3140068. What is a(75)?
32
Let f(q) = -5*q**3 - 51*q**2 + 95*q - 160. What is f(-12)?
-4
Let f(j) = -185*j - 52913. Give f(-286).
-3
Let a(g) = g**2 + 767*g - 38045. Determine a(46).
-647
Let s(y) = -y**3 + 26*y**2 + 680*y - 16037. Calculate s(20).
-37
Let h(g) = 8513*g + 67324. Calculate h(-8).
-780
Let c(o) = 2586*o - 3987613. Give c(1542).
-1
Let z(v) = -7*v**3 - 87*v**2 - 